e
Suppose 0 = 3*j + 5*f - 586727, 2*j - 8130 - 383015 = 3*f. Is (-90)/108 - j/(-12) prime?
False
Suppose -18*w = 7*w - 1859850. Suppose 3630 + w = 24*r. Is r prime?
True
Let m(p) = -p**3 + 14*p**2 - 12*p - 11. Let b be m(13). Suppose -3*i - 5 = f - 133, 0 = b*i + 10. Is f a composite number?
True
Is 3/(-2)*608032/(-48) composite?
False
Let c = 2509910 - 1091557. Is c a composite number?
False
Suppose -315*d + 321*d - 54 = 0. Let f(s) be the third derivative of 3*s**5/20 - s**4/8 - 11*s**3/6 - s**2. Is f(d) a composite number?
False
Let q be (-1)/((-10)/8) - (-20)/(-25). Suppose q = -23*u + 28*u - 41255. Is u a prime number?
False
Is (-12)/18*(-2872836)/24 a composite number?
False
Let m(a) = a**2 - 11*a + 20. Let r be m(10). Let v be (1/1*0)/(-11 + r). Suppose c - 2167 = -4*s, -3*s - 3*c + v*c = -1632. Is s a composite number?
False
Let b = -123 - -134. Suppose -b*i = -12*i + 485. Is i a composite number?
True
Let u(h) = -281*h - 10. Let i be u(-2). Let w = i + -257. Is w a composite number?
True
Let c(g) = -1254*g**2 + 2*g - 2. Let o(j) = 1881*j**2 - 3*j + 3. Let k(d) = -8*c(d) - 5*o(d). Let m be k(1). Is m + (-2)/(-4)*8 prime?
True
Let u = 1 - -14. Is (1/((-2)/2))/(u/(-74085)) a prime number?
False
Suppose -430*a - 1520 = -426*a. Let u = a + 687. Is u composite?
False
Suppose -13*q = 37 + 15. Is ((-54546)/(-12))/((-2)/q) prime?
True
Let m(f) = 84*f**3 - 3*f**2 - 2*f + 13. Let l = 381 + -379. Is m(l) prime?
False
Suppose 4285 = v + 380. Let t be 4*(-1)/(-10) + 28/5. Suppose -9749 + v = -t*d. Is d a prime number?
False
Suppose 4*z = 3*m - 3, -4*m = -0*m - 4. Suppose 3*q + z = -4*y - 3, -5*q = 5*y + 10. Is 1073 + -3 - -2*y/(-2) composite?
True
Let s be ((-13)/52)/((-5)/60). Suppose 4*f + 1483 = s*m + 2*m, 0 = -4*m - f + 1199. Is m a composite number?
True
Let r(g) = -3085 - 3956 + 1235 - 2*g. Let z be r(0). Let i = -3477 - z. Is i prime?
False
Let p = 590 - 576. Suppose -1 = -s, -p*z + 16*z - 2*s = 1724. Is z a composite number?
False
Let l be ((-3)/9)/(13/(-201513)). Suppose -1906 = 3*x - l. Is x prime?
True
Suppose 0 = -x - 2*h + 230815, x - h = 5055 + 225748. Is x prime?
True
Suppose -m + 24253 = -14*u + 13*u, 5*m + 4*u - 121211 = 0. Is m composite?
False
Suppose -147*l + 866206 = 5*q - 144*l, 5*q - 3*l - 866164 = 0. Is q prime?
False
Let i = 39224 - 25653. Is i composite?
True
Let w be (-1)/((22/110)/(-1 + 0)). Is ((-11838)/3)/(-7 + w) a prime number?
True
Let g(t) = 5*t - 16. Let a be g(5). Let w(o) = o**3 - 3 + 8 - 8*o - 5*o**2 + 10. Is w(a) a prime number?
False
Let a be ((-12)/(-21))/(12/42). Suppose 0 = z - a - 7. Is (-4 - 4/((-48)/z))*-892 composite?
True
Suppose r + 66140 = 4*d, -5*d = 3*r - 81856 - 819. Suppose -4*a + 16 = 0, 0 = -3*f - 10*a + 8*a + d. Is f a prime number?
False
Suppose 0 = 6*p - 3*p + 30. Let c(a) = -222*a + 8. Let t be c(p). Let u = t - 1235. Is u composite?
True
Let r = 66 - 64. Suppose 5*q - 16162 = s, -4*q + 12917 = -r*s - 3*s. Is q a prime number?
False
Suppose 9*i - i = 4952. Suppose -d + 2*q + 1108 = 0, 3*d + 4*q = 4*d - 1104. Let j = d - i. Is j composite?
True
Let r = -336 - -341. Suppose b = 4*g - 30246, -r*g - 40*b + 45*b = -37815. Is g a prime number?
True
Let t = 171225 + -107156. Is t a composite number?
True
Suppose -38*d + 34*d = -6196. Let a be ((-14)/6)/(4/768). Let u = d + a. Is u prime?
False
Suppose 6 = -3*d, -d - d = 4*k - 12. Suppose o = f - 0*f - 802, k*f - o - 3208 = 0. Is f composite?
True
Let l = -253080 - -530833. Is l a prime number?
False
Let a be 1*5*(-6)/(-15). Let p = a + -5. Is 1/p - 238/(-3) prime?
True
Suppose 0 = -z + 9 - 2. Suppose 0 = -z*s + 859 + 46258. Is s a composite number?
True
Suppose 5*v - 32 = -11*v. Suppose -v*r - 20712 = -14*r. Is r a composite number?
True
Suppose 5*x - x = -4*q - 3840, -2915 = 3*q - 4*x. Let g = q - -2052. Is g prime?
True
Let w = 35 + -34. Let u be (5/(-3))/((4/(-3048))/w). Let t = u - 861. Is t prime?
True
Let q(z) = z + 1. Let s(n) = -6*n - 5. Let w(r) = 11*q(r) + 2*s(r). Let x be w(-1). Suppose m - 2*m + x*c + 51 = 0, -4*m - 4*c + 192 = 0. Is m a prime number?
False
Let r = 8293 + 23848. Is r a prime number?
True
Let h = 598644 + 133874. Is h a composite number?
True
Let o(n) = n**2 + 20*n - 40. Let m be o(2). Suppose -2*j = -m*j + x + 1793, 2*j - 1775 = -5*x. Is j a composite number?
True
Let c(z) = 4875*z**3 + 12*z**2 - 9*z + 3. Let b(p) = -4874*p**3 - 10*p**2 + 9*p - 3. Let q(k) = -5*b(k) - 4*c(k). Is q(2) a prime number?
True
Suppose -4*z + 5*n = -29680, 3*z - 16600 = -3*n + 5660. Suppose 2*s + 0*s - 6 = 0. Suppose -k = s*h - 0*k - z, -5*k = -4*h + 9887. Is h composite?
False
Let m = -14597 + 5361. Is (m*4/(-8))/2 a composite number?
False
Suppose m = -5*h - 0 - 1, 0 = -5*h - 4*m - 4. Let n be 4 - h - (5 - 5). Suppose -2*x - n*w - 466 = -1536, -2152 = -4*x - 4*w. Is x composite?
False
Is (-20)/40*87546/(-3) a composite number?
False
Let q(g) = -13 + g**3 + 4*g**2 - 13*g + g**2 + 11*g**2. Let n be 411/(-27) - 26/(-117). Is q(n) a composite number?
True
Let u = -522 - -527. Suppose u*i - 14994 - 7811 = 2*n, 2*n = 0. Is i composite?
False
Suppose 5*d + 2*g - 7598901 = 0, -g = -5*d + 5360900 + 2237992. Is d a composite number?
True
Let r(i) = -i**3 - 3*i**2 + i - 10. Let o be r(-4). Let m(w) = -6*w**o + 18*w + 18*w**2 - 17*w - 2 + 3 - w**3. Is m(6) a composite number?
False
Suppose 4*c - c + 15 = 0. Let v(n) = -848*n - 3. Let g be v(c). Suppose -4*u = -3*u - g. Is u composite?
True
Let o(b) = 152*b**2 + 2*b - 131. Let j(g) = 7*g - 26. Let k be j(5). Is o(k) a prime number?
False
Let a(i) = 12*i**2 - 37*i - 208. Let n be a(-21). Suppose -6*m + 4297 + n = 0. Is m a composite number?
False
Let n be 14 + -9 - (0 - 0). Suppose 0*m - 3*d = -m - 10, 0 = m - n*d + 18. Suppose -3*x - 2102 = -a + 390, -5*x = -m*a + 4981. Is a a prime number?
False
Suppose -4*u + 5*y + 45404 = 0, -2*y - 16347 - 6355 = -2*u. Is u a prime number?
True
Let t(h) = 53 + 31*h**2 - 16*h**2 - 18*h - 11*h**2. Is t(21) composite?
False
Suppose -5*q = 3*m - 21, -5*q + 19 = -0*q + 2*m. Suppose -13 = -q*j - 19. Is 606/12 + (1/j - -1) a composite number?
True
Suppose 11*z + 2*b = 6*z + 293931, 0 = 3*z + 2*b - 176357. Is z a composite number?
False
Suppose -5*q + 77 = -808. Suppose 0 = 6*t - q - 1749. Suppose -3*j = -4*d - 932 - 35, j - d - t = 0. Is j prime?
True
Let s(j) be the second derivative of -33*j**5/20 - 7*j**4/12 - 4*j**3/3 - 8*j**2 + j + 27. Is s(-5) composite?
True
Suppose 3*k + 3*m = 34 + 14, 0 = 3*k - 3*m - 72. Suppose 0*j = -2*j - 8, -4*o + 4*j + k = 0. Is 2379/6 + o/2 composite?
False
Suppose -3*k + 1893 = -2*t, -13*k + 15*k - 1262 = 2*t. Is k composite?
False
Let r be 1473*-14*(-7)/42. Let j = -2188 + r. Is j a prime number?
True
Let u = -104 + 104. Suppose -r + 2*r - 281 = u. Let o = 408 - r. Is o a prime number?
True
Let g = 10 + 5. Suppose -19*j = -16*j + g. Is -2 + 0 + (86 - j) a composite number?
False
Let b = -227 + 232. Suppose -3*t = -3*s + 2877 + 564, 2*t + 5747 = b*s. Is s composite?
False
Let p(a) = 51*a**2 + 8*a**2 - 3*a - 34*a**2 + 25. Is p(10) composite?
True
Is 1189790 + (25 - (-5 - -19)) a composite number?
False
Suppose -l + 87459 = 4*d, 123691 = 3*l - 5*d - 138720. Is l prime?
False
Let v = -24 + 15. Let s(u) = u**2 + 7*u + 4. Let g be s(v). Is 1*3359 - 0/g a prime number?
True
Suppose -3*o = 4*i + 9 - 27, 3*o = 2*i - 18. Is 16753 - (-5 + i + -5) prime?
False
Let r(m) = 11761*m**3 + 4*m**2 + 4*m - 14. Is r(3) prime?
False
Let m = -12145 + 35502. Is m a prime number?
True
Suppose -4*x = o - 19973, -2*x + 3690 = 2*o - 6304. Suppose 4765 = 11*u - x. Is u prime?
True
Is (472509/6)/(0/5 - (-12)/56) composite?
True
Let h(m) = -2*m**2 + 9*m + 7. Let d be h(5). Suppose -2*w - 5*u = -1973, d*w + 5*u - 2947 = -w. Is (-4)/10 - w/(-10) a prime number?
True
Let c be (2 + 10/(-4))*-2*21. Suppose -8*v = -c*v + 31577. Is v prime?
False
Suppose 0 = l + 4*l + 5*i - 10, 0 = -3*l - 2*i + 8. Suppose -4*q + 48 = l*q. Suppose 0 = -b + q*b + 5*z - 195, -2*z + 35 = b. Is b a composite number?
False
Let w = -662 - -4253. Let k = 5522 - w. Is k a prime number?
True
Let z(k) = 71*k - 18. Suppose 22*g = 17*g - 20. Let p be (-1)/2 + (-30)/g. Is z(p) composite?
False
Suppose 13*f = 256829 + 150110. Is f prime?
False
Suppose 4*q - 2*v = q + 34, 3*q = -5*v + 20. Let y be (-132)